et s be 3 - (-1 + 2 + 0). Let h(z) = 2 - 2*z**2 + s*z + z + z**2. What is h(4)?
-2
Let i(h) = 1 + h**2 + 5*h + 6 - 4. Calculate i(-6).
9
Let w(x) be the first derivative of -x**4/4 + x**2/2 - 3*x + 1. Let c be 0*(4 + -8 + 3). Determine w(c).
-3
Let x(s) = -9*s - 4. Let j(k) = -26*k - 11. Let w(i) = 3*j(i) - 8*x(i). Let o be w(1). Let f be (o - -11)*(-1 - -2). Let z(a) = a**2 - a - 5. Calculate z(f).
7
Let j = -13 + 3. Let w be j/(-2)*(2 - 3). Let f(n) = n**2 + 6*n + 2. Give f(w).
-3
Let o(i) = i**2 + 6. Let u(f) be the second derivative of -f**4/4 - f**3/6 - 17*f**2/2 - f. Let h(l) = 8*o(l) + 3*u(l). Let w be -2 + (-2 - (2 - 2)). Give h(w).
-7
Let l(g) be the third derivative of g**4/8 - 5*g**3/6 + 2*g**2. Let n be (15/20 + (-1)/4)*8. Calculate l(n).
7
Let l(z) = -z - 1. Let u(h) = 3*h + 3. Let g(p) = -11*l(p) - 4*u(p). Calculate g(-3).
2
Let p(m) = -2*m**2 + 3*m - 2. Let d = 11 - 7. Let a(g) = 4*g - g**2 + 1 + 2 - 1. Let b be a(d). Determine p(b).
-4
Let l(d) = d**3 - 2*d**2 + d. Let c be l(2). Suppose c*t = -0*t. Suppose t = v - 2*x - 11, -3*v + 3*x + 25 - 4 = 0. Let i(h) = -h - 3. Give i(v).
-6
Let k(g) be the first derivative of 4*g + 1/3*g**3 + 3*g**2 - 3. Let f(x) = x - 6. Let b be f(3). Determine k(b).
-5
Let p(d) = -4*d**2 - 3 + 2 - d**3 + 0*d**2. Let g(r) be the second derivative of -r**3/6 + 4*r. Let z be g(4). Determine p(z).
-1
Let w(s) = -s + 16. Let r(d) = -d + 18. Let a(q) = -4*r(q) + 5*w(q). What is a(6)?
2
Let l(t) = 4 - 2*t - 3 - 3 - t**3 - 3*t + 6*t**2. Suppose 0 = u + 2*u. Suppose v + u = 5. Give l(v).
-2
Let b(c) = -9*c + 7. Let r(j) = -4*j + 3. Let q(h) = -3*b(h) + 7*r(h). Determine q(3).
-3
Let g(w) = 4*w**2 - 20*w**2 + 15*w**2. Give g(1).
-1
Let g = 6 - 6. Let l(n) = -3 + 0 - 2*n + g + n. What is l(0)?
-3
Suppose 3*z + 6 = -2*f - 7, 2*f + z + 3 = 0. Let b(p) = 6*p + 1. Give b(f).
7
Let k(v) = -6*v**2 + 2*v + 7. Let a(o) = -11*o**2 + 4*o + 13. Suppose 15 = 2*z + 23. Let b(x) = z*a(x) + 7*k(x). What is b(3)?
9
Let f(w) = 2*w + 9. Let n(q) = 3*q**2 - 5*q + 1. Let b be n(4). Suppose 5*k = -b - 1. Calculate f(k).
-3
Let w(j) = 3*j + 5. Let c(p) = -p. Let t be c(4). Determine w(t).
-7
Let r be 8/5 + (-4)/(-10). Let h(i) be the first derivative of -i**4/2 + 4*i**3/3 - 3*i**2/2 + i + 7. Determine h(r).
-5
Let x(b) = -1. Let s(v) = v - 1. Let u(q) = s(q) - 2*x(q). Suppose 5*a - 201 = -71. Let p be (-4)/a - (-41)/13. Calculate u(p).
4
Let c(x) = x**3 + 3*x**2 - x - 2. Let w(k) = -k**2 - 2*k + 1. Let h be w(-5). Let a = -9 - h. Suppose -a*q + q = 8. Determine c(q).
4
Let v(q) be the third derivative of -q**6/720 + q**5/40 - q**4/24 + q**2. Let g(w) be the second derivative of v(w). Calculate g(3).
0
Let a(m) be the second derivative of m**6/180 + 7*m**5/120 + m**4/6 - m**3/6 - 3*m. Let f(s) be the second derivative of a(s). Let y = -10 - -6. Determine f(y).
8
Suppose -2*z = -4*z + 26. Suppose -2*p - n - z = 0, 3*n = -2*p - 0 - 23. Let a(v) be the second derivative of -v**3/6 - 5*v**2/2 - v. Calculate a(p).
-1
Let z(j) = -j**3 - 5*j**2 - 3*j + 4. Let a(w) = w**3 - 6*w**2 - w + 2. Let s be a(6). Give z(s).
0
Let h(l) = -l**2 - 4. Suppose 4*b = -f - 1 - 1, -8 = 4*f. Give h(b).
-4
Let r(y) = y**3 + 6*y**2 + y + 6. Suppose 4*n - 10 = 5*a - 0*a, a + 2*n = -16. Calculate r(a).
0
Let h(b) = b**2 - 4*b + 1. Let p be h(2). Let s(x) = -7*x - 1. Calculate s(p).
20
Let y be 14*((-9)/3)/(-6). Let k(o) = -o**2 + 7*o + 4. Let s be k(y). Let l(q) = -q + 3. Let v(n) = -n + 4. Let d(f) = 2*l(f) - 3*v(f). What is d(s)?
-2
Let m(o) = 4*o - 4 - 3 - o**2 + 3 - 2. Suppose n = k + 1 + 5, 0 = n - 4*k - 12. Determine m(n).
-6
Let f(r) = -1 - 3*r + 4*r + r + 9*r**2. Let l(j) = -j + 6. Let u be l(5). Calculate f(u).
10
Let p = 12 + -12. Let h(a) = -2*a + p*a + 9*a + a. Calculate h(1).
8
Suppose -3*u = -5 - 4. Suppose b + 0 + u = 0, 4*b = -2*k - 6. Let v(s) = 2 + 14*s - 5*s - 7*s. Determine v(k).
8
Let f(x) = x**2 + 2*x - 1. Let h be (2/(-11) + (-2)/(-11))/1. Give f(h).
-1
Let i = -51 + 44. Let j(s) = -3 - s + 0*s + 1. Give j(i).
5
Let f(p) = -p**3 - p**2 + 2*p + 1. Suppose 3 = -0*x + x. Suppose a - 4 = -x*a. Let r = 3 - a. Calculate f(r).
-7
Let s(k) = 1 - 3 + 0*k**2 + k**2 + 5*k. Let h(m) = -m**2 - 2*m + 10. Let x be h(-5). What is s(x)?
-2
Let s(x) = -x**2 + 7*x - 7. Suppose 2*d - 17 = -5. Suppose -3*y + d + 12 = 0. Determine s(y).
-1
Let f(s) be the third derivative of s**5/60 - s**4/24 - s**3/3 + 4*s**2. Determine f(-3).
10
Suppose -v - v - 40 = 5*a, 4*v + 2 = 3*a. Let f(p) = p + 8. Give f(a).
2
Let z(p) be the second derivative of 0 + 0*p**2 + 3*p + 1/30*p**5 + 2/3*p**3 - 1/8*p**4 + 1/360*p**6. Let a(c) be the second derivative of z(c). Give a(-4).
-3
Suppose 0 = -6*u - 4 + 34. Suppose u*d - 6*d = 2. Let j(c) = 8*c - 5. Let p(b) = -9*b + 6. Let h(r) = 5*j(r) + 4*p(r). What is h(d)?
-9
Let g be 1/2*6/1. Suppose -3*h = -h - 4. Let x(m) = 7 - 6 - h*m + g*m. Calculate x(3).
4
Let y(g) = -g**3 - 3*g**2 + g + 1. Let m = -5 + 1. Calculate y(m).
13
Let f(x) be the third derivative of x**4/24 + 3*x**3/2 - 26*x**2. What is f(-7)?
2
Let i(r) be the third derivative of -r**5/30 - r**4/24 - r**3/6 - 2*r**2. Determine i(-2).
-7
Let n(h) = 6*h**3 + h**2 + h. Let p be (-13 - -13) + (0 - (3 - 2)). Determine n(p).
-6
Let k be 8/52 + 100/26. Suppose -2*p + 4*p = -k. Let y(t) = -3*t**2 - 2*t. Calculate y(p).
-8
Let w(f) = f**3 + f**2 - f - 1. Let z = -14 + -5. Let d be z/5 - (-2)/(-10). Let i be 8/d - (-3 - -1). Give w(i).
-1
Suppose -5*i + 4 = -11. Let p(v) = 4*v + 3*v**2 - 2*v**i + v - v + v**3 - 3. Calculate p(4).
-3
Let c(b) = b - 1 - 5*b - 1 + b - 2*b**2. Suppose q = 4*q + 2*p + 6, -3*p = 3*q + 6. Calculate c(q).
-4
Let w(q) = q + 9. Let h(p) = -1. Let r(f) = -2*h(f) - w(f). Give r(-9).
2
Let m(w) be the first derivative of -w**5/60 - w**4/24 - w**3/6 + 3*w**2/2 - 2. Let t(x) be the second derivative of m(x). Calculate t(0).
-1
Let n(y) = -115 + 3*y - 115 + 231. Give n(-2).
-5
Let s(r) = 7*r**3 + 1. Let x be s(1). Let p(h) = x - 5*h - 5 - h**2 + 1. What is p(-4)?
8
Let r(k) = 2*k. Let h(c) = 3*c - 1. Let t(x) = x**3 + 2*x**2 - 3*x - 1. Let m be t(-3). Let w be h(m). Give r(w).
-8
Suppose -3*t + 21 = 3*y - t, -y + 2 = -t. Let v be (-18)/(-8) - 2/8. Let r(j) = -v*j + y + 5*j**2 - 2*j**3 + 0*j + j**3. Determine r(5).
-5
Let v(o) = o**2 - 9*o + 2. Let g(b) = 2*b**2 - 37*b - 13. Let y be g(19). Give v(y).
-16
Suppose 17 = 2*b + 13. Let j(u) be the second derivative of 0 - b*u + 1/6*u**3 + 0*u**2. Calculate j(-5).
-5
Let o(p) = -5*p**3 - p**2 - p + 3. Let j(y) = -3*y**3 - y + 2. Let a(n) = -7*j(n) + 4*o(n). Calculate a(3).
-2
Let q = 1 + -5. Let h(g) = -g**3 - 4*g**2 + 4*g + 6. Give h(q).
-10
Let f(g) = g**3 - 2*g - 1. Let r be 1 - 2*(-5)/2. Suppose -2*l = -r, 2*l - 7 = -5*n - 2*l. Give f(n).
0
Let x(p) be the third derivative of -p**6/60 + p**5/15 - p**4/8 + p**3/3 + 12*p**2. What is x(2)?
-4
Suppose -2 + 9 = 7*r. Let v(j) = 2*j**3 + 3*j - 1. Let d(x) = -5*x**3 - 5*x + 2. Let n(l) = 3*d(l) + 5*v(l). Calculate n(r).
-4
Let q(v) = -v + 1. Let m be q(4). Let f be 1/3*(6 + 0). Let a(s) = -f*s + 0*s + 1 + s. Calculate a(m).
4
Suppose -31 = 2*a - 5*x - 9, 5*x = -2*a + 18. Suppose -5*s + 5*c - 2 + 12 = 0, s - 4 = -c. Let h(p) = 3 + 2*p**2 - s*p**2 - 2 - 2 - p. Give h(a).
-1
Let c(y) = -5*y**2 - 9*y - 11. Suppose 0 = 5*k - 24 - 1. Let l(t) = 3*t**2 + 6*t + 7. Let g(s) = k*c(s) + 8*l(s). Give g(5).
-9
Let h(f) = f**2 - 3*f - 4. Let d be h(4). Let i(p) = d*p**3 + 4*p - p**3 - p**2 - 4 - 1 - 3*p. Determine i(0).
-5
Let z(s) be the first derivative of s**2/2 - s + 7. What is z(2)?
1
Let v(h) = -h**2 - h - 1. Let j(i) = i**2 + 6*i - 1. Let g(c) = 21*c - 4. Let u be g(4). Let z be u/(-15) - (-2)/(-3). Let q be j(z). Give v(q).
-1
Let q(a) = a + 2. Let c be q(-6). Let w = c + 8. Let z(g) = -3*g - 1. Let s(i) = -2*i. Let f(x) = 4*s(x) - 3*z(x). Give f(w).
7
Let o(t) = -t**3 - 5*t**2 + 2*t + 6. Let d be o(-5). Let h = d + 8. Let y(v) = -2*v + 2. Let g(i) = -3*i + 3. Let q(b) = -5*g(b) + 8*y(b). Calculate q(h).
-3
Let i(y) be the second derivative of -y**7/2520 - y**6/144 + y**5/40 - y**4/12 - 3*y. Let d(s) be the third derivative of i(s). Determine d(-5).
3
Let o(y) = -y + 1. Let x be 0 + 1 + (4 - 5). Suppose x = 13*a - 11*a. Determine o(a).
1
Let l = 22 - 26. Let o(w) = w**3 + 4*w**2 